 0 = -113*g + 241 - 128. What is h(g)?
4
Let c(b) = b**3 - 13*b**2 - 14*b + 5. Let l = -226 - -251. Suppose -5*w = -l, -3*w + 5*w + 18 = 2*s. Give c(s).
5
Let q(u) be the first derivative of -2*u**3 - 3*u**2/2 - 5*u + 2097. Give q(-2).
-23
Suppose 5*o = -9 + 34. Let s(w) = -13*w - 214. Let r(h) = -10*h - 157. Let d(l) = -4*r(l) + 3*s(l). Give d(o).
-9
Let s(b) = 420*b + 42 - 413*b + 6. Give s(-5).
13
Let p(r) = 2*r**2 - 26*r + 1. Let y(w) = -5*w**2 + 101*w - 8. Let f(h) = 4*p(h) + y(h). Suppose -3*t - 2 = 7. Calculate f(t).
32
Let j(y) = -y**2 - 7*y + 4. Let f(a) = -a - 14. Let m(l) = 3*l + 42. Let n = 51 + -59. Let t(h) = n*f(h) - 3*m(h). Let q be t(-6). Calculate j(q).
-4
Let h be (-9)/(-4) + ((-5)/4 - -2). Let s(f) = 453 - f**h + 3*f**3 - 7*f**2 - 450 - f**3 - 2*f. What is s(7)?
-11
Let p be (-261)/(-45) - (-3)/15. Suppose 26*i + p = 29*i. Let s(c) = 0*c - i*c - 549 + 547. What is s(-6)?
10
Let x(m) = -16*m**2 - 10 + 43 + 3*m - m**3 + 2*m**3 - 25*m - 3*m**2. Let k be x(20). Let p(z) = -z - 2. What is p(k)?
5
Let h(i) = -i - 7. Let u = -137 + 149. Suppose -3*z + u*z = -108. Give h(z).
5
Let n(t) be the first derivative of 7*t**2/2 + 7*t - 10914. Determine n(3).
28
Let q(n) = 23*n + 74 - n**2 + 80 + 56 - 235. Calculate q(18).
65
Let s be (-3 - 7 - -11)*35. Let f(k) = k**2 - 33*k - 64. What is f(s)?
6
Let m = -11 - -7. Let q(j) be the second derivative of j**5/20 + j**4/4 - j**3/6 + 2*j**2 + 456*j + 5. Determine q(m).
-8
Let m(z) = -109*z - 215. Let j be 13*(-4)/20 - (15 - 156/10). Determine m(j).
3
Let q(m) = 18*m**3 - 1680 - m + 1678 - 17*m**3 - m**2. Determine q(0).
-2
Suppose -9 = s + 4*h, 3*s + 5*h = 7*h + 29. Let a(v) = -14*v + 92. What is a(s)?
-6
Suppose -2*m + 4 = -3*m. Let b(j) be the first derivative of -j**2 + 3*j + 2799. What is b(m)?
11
Suppose -15*y + 20 = -25. Let a be 0 - (2 - y) - -75. Let q = -67 + a. Let l(b) = -b**2 + 8*b - 6. What is l(q)?
-15
Let x be ((-3)/(21/2))/((-7)/(-49)). Let b(v) be the second derivative of 1/12*v**4 + 0 + 1/20*v**5 - 1/6*v**3 - 5*v - v**2. Determine b(x).
-4
Let a(w) = -2*w**2 + 10*w + 22. Let v = 10137 + -10132. Give a(v).
22
Let b = 139 + -135. Let s(z) = -b + 20 - 16 - z. Let j(p) = -p**2 - 3*p - 3. Let v be j(-3). Give s(v).
3
Let l(w) = -w**2 - 7*w + 1. Let d be l(-6). Let m be (-14)/(-8) + -2 + (-2)/(-8). Let y(g) = 5 - g - 1 + 2 + m*g. Determine y(d).
-1
Suppose 0 = 133*q - 171*q + 380. Let x(b) = b**2 - 5*b + 25. Calculate x(q).
75
Let v = 3724 - 3725. Let q(l) = 45*l**3 + l. Calculate q(v).
-46
Let g be ((-2)/(-4) + 1)/((-24)/(-32)). Suppose -4*f + 2*s = -24, -f - 3*s = -g*f - 4. Let p(h) = -3 + 9*h - 1 + 3*h**2 - 6 - 4*h**2. Calculate p(f).
-2
Let t(z) = -z**3 + 6*z - 6. Let r be -17 - (-21)/6*4. Calculate t(r).
3
Suppose 70*w + 2 = 72*w. Let r(v) = 2*v**2 + 4 - 7*v - 7 - w - 3*v. What is r(5)?
-4
Let q(y) = -y**3 + 7*y**2 - 2*y - 24. Let a be (50/150)/(1/18). Determine q(a).
0
Let k = 4729 - 4736. Let d(g) = -g**3 - 9*g**2 - 11*g - 13. Give d(k).
-34
Let h(s) be the first derivative of -2*s**3/3 - 15*s**2/2 - 38*s - 8818. Determine h(-5).
-13
Let d(p) = -63*p + 179*p - 109*p + 2. What is d(-5)?
-33
Let m be (27/(-18))/(3/(-4)). Suppose m*q + 5*t = 5*q + 11, -3*q + t = -5. Let k(r) = -11*r**2 + 2 + 18*r**3 + 10*r + 17*r**q - 34*r**3. Determine k(10).
2
Let q(p) be the first derivative of p + 1/3*p**3 - 3 + 7/2*p**2. Let f = -5 + -2. Give q(f).
1
Let k be ((-9)/6)/(3/18). Let q(z) = -19*z + 5*z + 3*z + 6 + 3*z + 9*z. What is q(k)?
-3
Let m(s) = -s**3 + 7*s**2 + 18*s + 12. Let c be ((18/10)/(-3))/(235/(-3525)). Calculate m(c).
12
Suppose 58*p + 1173 = 815 - 1788. Let x(d) = -15*d - 559. Determine x(p).
-4
Let s(z) be the third derivative of -z**6/120 - z**5/2 - z**4/8 - 29*z**3/3 - 2*z**2 + 2*z - 578. Give s(-30).
32
Let x be 0/(7/(21/6)) + 0. Suppose 3*v - 2 - 1 = x. Let f(y) = 28*y**3 + 2*y**2 - y. Calculate f(v).
29
Suppose 113 = -4*t - 109 + 230. Let a(r) be the first derivative of 0*r - 1/2*r**t + 7. Give a(6).
-6
Let u(w) = -3*w - 3. Let i = 2338 + -2336. Let t = 7 - -9. Suppose 5*y + 4*v = -t, -4*y - i*v + v - 15 = 0. Determine u(y).
9
Let i(t) = -t**2 + 14*t - 25. Let j be -11*450/(-198) - 15. What is i(j)?
15
Let w(k) = 3*k**2 - k**2 - k + 3 + k**2 + 4*k. Let f(l) = 7*l**2 + 7*l + 8. Let h(p) = 2*f(p) - 5*w(p). Calculate h(-3).
-5
Let b(c) = -5*c**3 + 35*c**2 - 54*c + 108. Let n(m) = m**3 - 7*m**2 + 11*m - 22. Let v(p) = -3*b(p) - 14*n(p). Determine v(6).
-4
Let m(i) = 4*i - 3. Let w(x) = -x**3 - 9*x**2 - 5*x + 40. Let s be w(-8). Suppose 4*t = s*t + 48. Calculate m(t).
-19
Let m be (1 - 1)*4/8. Let i(a) = -1 + 9 - 1 + a + m*a. Let v = 1167 - 1176. What is i(v)?
-2
Let v(c) be the first derivative of -5*c + 237 + 1/4*c**4 - 10/3*c**3 + 1/2*c**2. Give v(10).
5
Let f(r) = -2 + 67*r - 50*r + 1. Let i(a) = 3*a. Let u(b) = -f(b) + 6*i(b). Give u(8).
9
Let y(q) = -q**3 - 4*q + 132 - 2*q - 8*q**2 - 122 - 2*q. Let x be 2 + (-10 + -7 - -8). Give y(x).
17
Let c = 9670/9 - 19331/18. Let a(g) be the first derivative of -c*g**2 + 22 + 15*g. Give a(0).
15
Let m = 0 + 2. Let x(n) be the first derivative of n**4/4 - 4*n**3/3 - n**2 + n + 10116. Calculate x(m).
-11
Let p(r) = -73*r - 12. Let b(w) = -59*w - 13. Let i(f) = -5*b(f) + 4*p(f). Calculate i(-12).
-19
Let h(s) = 4 + 2 + 1933*s + 7*s**2 - 1925*s - 10. Calculate h(2).
40
Let b(s) = -2*s + 38. Let p(u) = 2*u - 4. Let n(a) = -a - 1. Let m(f) = -n(f) - p(f). Let k(l) = -b(l) + 3*m(l). Calculate k(-20).
-3
Suppose 92*v + 20 = 29*v - 673. Let a(j) = j**3 + 12*j**2 + 11*j + 8. Determine a(v).
8
Let k(u) = -26*u + 4. Let r(j) = -6*j + 1. Let v(w) = 2*k(w) - 12*r(w). Calculate v(-2).
-44
Suppose -2*u + 2 = -n - 24, 3*u = 3*n + 42. Let v(c) = u + 4*c + 3*c - 5*c + 3 - 4. Give v(-6).
-1
Let q be (-2 + 1)/(2/(-4)). Let u(f) = 61*f**3 + f**2 + 6*f + 7. Let i(k) = -10*k**3 - k - 1. Let o(d) = -6*i(d) - u(d). Determine o(q).
-13
Let j(w) = -7*w + 3. Let o = -48 - -50. Let p(h) = -h - 1. Let k(b) = o*p(b) + j(b). Determine k(-1).
10
Let o(d) = 4*d**2 - 3*d - 8. Let x(z) = z**2 - 125*z + 1462. Let i be x(112). Calculate o(i).
118
Suppose -8 = 8*k - 56. Suppose 3*p - 6*p + k = 0. Let u be p*(-4)/8 - (1 + -1). Let l(y) = 10*y + 1. Determine l(u).
-9
Let k = 5775 + -5765. Let l(v) = -4*v + 2. Calculate l(k).
-38
Let q(r) = -1066*r - 26. Let b be q(0). Let d(z) = -11*z - 276. Calculate d(b).
10
Suppose -o - 5*d - 5 = 2*o, o - 2*d - 2 = 0. Let f(q) = 13*q + 13. Let k(a) = -9*a - 9. Let l(v) = -5*f(v) - 7*k(v). What is l(o)?
-2
Let x(y) = 2*y + 13. Let t(l) = -l - 6. Let a(v) = -5*t(v) - 2*x(v). Let f be 12/2 + (-30)/3. What is a(f)?
0
Let w(z) = -z**2 - 20*z + 81. Let b = -30927 + 30903. What is w(b)?
-15
Let u(c) be the second derivative of -c**3 - 12*c**2 - 7842*c. Calculate u(-5).
6
Let x(y) = -28 + 74 - 68148*y + 68154*y - y**2. What is x(-4)?
6
Let b(j) = -4 - 3 - 3 - 9 - j**2 + 16 - 2*j**3. What is b(-2)?
9
Suppose -4*z + 21 = 3*p, 9*p = 4*z + 4*p - 29. Let u be z + -21 + 4 - -5. Let n(l) = l**3 + 6*l**2 - l + 1. Determine n(u).
7
Let x = 15514 + -15513. Let g(d) be the third derivative of d**5/3 - d**4/24 + d**2. Determine g(x).
19
Let h be (4/(-8))/((-7)/(-14)) - 6. Let o(u) = u**2 + 12*u + 35. What is o(h)?
0
Let i(t) = -3*t**3 + 6282*t**2 + 4*t**3 - 6285*t**2 - 3*t. Determine i(4).
4
Let s(w) be the second derivative of w**4/12 - 13*w**3/3 + 19*w**2/2 + 739*w. Give s(25).
-6
Let s(u) = 5*u + 9. Let x(j) = -2*j - 1. Suppose 21 = 36*c - 15. Let a(i) = c*s(i) + 2*x(i). What is a(-6)?
1
Let s(a) = a**3 - 8*a**2 - 9*a - 1. Let c = -82 - -86. Suppose 0*w + 2*w - c*v = 10, -5*w - 4*v + 53 = 0. Determine s(w).
-1
Let y(m) = m - 4*m + 3*m**2 + m - 2. Let z(q) = 32*q - 87. Let r be z(15). Let x = 395 - r. Calculate y(x).
6
Let l(i) = 2*i + i**3 + 5 - 7*i**3 + 6*i**2 + 7*i**3 + 4*i. Let b be (-5)/(-15) + (-4)/12. Suppose b*r = 5*r + 25. What is l(r)?
0
Let i(m) = -m**3 - 22*m**2 - 126*m - 38. Let l be i(-11). Let d(u) = 7*u - 91. Give d(l).
28
Let n(j) = 2*j**2 - 74*j - 21. Let k be n(34). Let l be (-10)/k*9 - 64/10. Let v(a) = -a**2 - 7*a + 2. What is v(l)?
8
Let p(d) be the third derivative of -37*d**4/12 + 5*d**3/6 - 3551*d**2. Give p(-1).
79
Let h(m) = -8*m**3 + 10*m**2 - 13*m + 6. Let w(u) = 7*u**3 - 10*u**2 + 13*u - 7. Let f(d) = 5*d - 28. Let t be 